{"id":36,"date":"2025-05-20T08:53:57","date_gmt":"2025-05-20T08:53:57","guid":{"rendered":"https:\/\/charitywalks-4fndhope.com\/about\/"},"modified":"2025-05-26T14:22:49","modified_gmt":"2025-05-26T14:22:49","slug":"about","status":"publish","type":"page","link":"https:\/\/charitywalks-4fndhope.com\/fr\/about\/","title":{"rendered":"Find out about me and FND Hope"},"content":{"rendered":"<div class=\"wp-block-group alignfull has-custom-color-1-background-color has-background is-layout-constrained wp-block-group-is-layout-constrained\" style=\"margin-top:0;margin-bottom:0;padding-top:0;padding-bottom:0\"><\/div>\n\n\n\n<div class=\"inherit-container-width wp-block-group alignfull has-tertiary-background-color has-background is-layout-constrained wp-container-core-group-is-layout-7276a2bb wp-block-group-is-layout-constrained\" id=\"about\" style=\"margin-top:0;margin-bottom:0;padding-top:var(--wp--preset--spacing--60);padding-right:var(--wp--preset--spacing--30);padding-bottom:var(--wp--preset--spacing--60);padding-left:var(--wp--preset--spacing--30)\">\n<div class=\"wp-block-columns alignwide are-vertically-aligned-center is-layout-flex wp-container-core-columns-is-layout-47c06fe3 wp-block-columns-is-layout-flex\">\n<div class=\"wp-block-column is-vertically-aligned-center is-layout-flow wp-container-core-column-is-layout-f5bb311e wp-block-column-is-layout-flow\" style=\"flex-basis:50%\">\n<div class=\"wp-block-group is-layout-constrained wp-block-group-is-layout-constrained\">\n<figure class=\"wp-block-image aligncenter size-large is-resized is-style-rounded\"><img loading=\"lazy\" decoding=\"async\" width=\"768\" height=\"1024\" src=\"http:\/\/charitywalks-4fndhope.com\/wp-content\/uploads\/2025\/05\/Rob110525-768x1024.jpeg\" alt=\"\" class=\"wp-image-116\" style=\"aspect-ratio:1;object-fit:cover;width:196px;height:auto\" srcset=\"https:\/\/charitywalks-4fndhope.com\/wp-content\/uploads\/2025\/05\/Rob110525-768x1024.jpeg 768w, https:\/\/charitywalks-4fndhope.com\/wp-content\/uploads\/2025\/05\/Rob110525-225x300.jpeg 225w, https:\/\/charitywalks-4fndhope.com\/wp-content\/uploads\/2025\/05\/Rob110525-1152x1536.jpeg 1152w, https:\/\/charitywalks-4fndhope.com\/wp-content\/uploads\/2025\/05\/Rob110525-1536x2048.jpeg 1536w, https:\/\/charitywalks-4fndhope.com\/wp-content\/uploads\/2025\/05\/Rob110525-scaled.jpeg 1920w\" sizes=\"auto, (max-width: 768px) 100vw, 768px\" \/><\/figure>\n\n\n\n<figure class=\"wp-block-image aligncenter size-large is-resized is-style-rounded\"><a href=\"\/fr\/www.fnd-stronger-together.blog\/\"><img loading=\"lazy\" decoding=\"async\" width=\"1005\" height=\"1024\" src=\"http:\/\/charitywalks-4fndhope.com\/wp-content\/uploads\/2025\/05\/FND-LOGO3-1005x1024.jpg\" alt=\"FND Stronger Together Logo\" class=\"wp-image-51\" style=\"width:206px;height:auto\" srcset=\"https:\/\/charitywalks-4fndhope.com\/wp-content\/uploads\/2025\/05\/FND-LOGO3-1005x1024.jpg 1005w, https:\/\/charitywalks-4fndhope.com\/wp-content\/uploads\/2025\/05\/FND-LOGO3-294x300.jpg 294w, https:\/\/charitywalks-4fndhope.com\/wp-content\/uploads\/2025\/05\/FND-LOGO3-768x783.jpg 768w, https:\/\/charitywalks-4fndhope.com\/wp-content\/uploads\/2025\/05\/FND-LOGO3-12x12.jpg 12w, https:\/\/charitywalks-4fndhope.com\/wp-content\/uploads\/2025\/05\/FND-LOGO3-140x143.jpg 140w, https:\/\/charitywalks-4fndhope.com\/wp-content\/uploads\/2025\/05\/FND-LOGO3.jpg 1256w\" sizes=\"auto, (max-width: 1005px) 100vw, 1005px\" \/><\/a><\/figure>\n<\/div>\n<\/div>\n\n\n\n<div class=\"wp-block-column is-vertically-aligned-center is-layout-flow wp-block-column-is-layout-flow\" style=\"flex-basis:60%\">\n<h2 class=\"wp-block-heading has-large-font-size\">Pourquoi je soutiens la sensibilisation \u00e0 la TNF <\/h2>\n\n\n\n<div class=\"wp-block-group is-vertical is-layout-flex wp-container-core-group-is-layout-fe9cc265 wp-block-group-is-layout-flex\">\n<div class=\"wp-block-group is-nowrap is-layout-flex wp-container-core-group-is-layout-6c531013 wp-block-group-is-layout-flex\">\n<p>Je m'appelle Rob. En novembre 2024, on m'a diagnostiqu\u00e9 un trouble neurologique fonctionnel (TNF) apr\u00e8s avoir remarqu\u00e9 des sympt\u00f4mes en mars 2024. Avant le diagnostic, les m\u00e9decins ont dit \u00e0 tort que je simulais mes sympt\u00f4mes et que c'\u00e9tait \"dans ma t\u00eate\". J'ai \u00e9galement d\u00fb faire face \u00e0 l'incompr\u00e9hension et aux moqueries d'autres patients qui ne comprenaient pas ce que je vivais.<\/p>\n<\/div>\n\n\n\n<p>Au plus bas, m\u00eame avec des aides \u00e0 la marche, je perdais la force de mes jambes et tombais quatre \u00e0 cinq fois par jour, ne pouvant parcourir que de courtes distances. Souvent, je restais immobilis\u00e9e sur le sol pendant 20 minutes \u00e0 deux heures, incapable de bouger ou d'appeler \u00e0 l'aide. Aujourd'hui, gr\u00e2ce au soutien de mon partenaire et d'une \u00e9quipe m\u00e9dicale d\u00e9vou\u00e9e, je retrouve peu \u00e0 peu la personne que j'\u00e9tais avant la TNF<\/p>\n\n\n\n<p>Je suis profond\u00e9ment engag\u00e9e dans la sensibilisation aux troubles neurologiques fonctionnels, car je veux \u00e9viter que d'autres ne connaissent les m\u00eames difficult\u00e9s que celles auxquelles j'ai \u00e9t\u00e9 confront\u00e9e. Mon objectif est d'inspirer de l'espoir en montrant que la r\u00e9mission des sympt\u00f4mes est possible. Ensemble, un pas apr\u00e8s l'autre, nous pouvons cr\u00e9er un changement significatif.<\/p>\n<\/div>\n<\/div>\n<\/div>\n\n\n\n<div class=\"inherit-container-width wp-block-group alignfull has-tertiary-background-color has-background is-layout-constrained wp-container-core-group-is-layout-7276a2bb wp-block-group-is-layout-constrained\" id=\"about\" style=\"margin-top:0;margin-bottom:0;padding-top:var(--wp--preset--spacing--60);padding-right:var(--wp--preset--spacing--30);padding-bottom:var(--wp--preset--spacing--60);padding-left:var(--wp--preset--spacing--30)\">\n<div class=\"wp-block-columns alignwide are-vertically-aligned-center is-layout-flex wp-container-core-columns-is-layout-47c06fe3 wp-block-columns-is-layout-flex\">\n<div class=\"wp-block-column is-vertically-aligned-center is-layout-flow wp-container-core-column-is-layout-f5bb311e wp-block-column-is-layout-flow\" style=\"flex-basis:50%\">\n<div class=\"wp-block-group is-layout-constrained wp-container-core-group-is-layout-279e0ccb wp-block-group-is-layout-constrained\">\n<figure class=\"wp-block-image size-large has-custom-border extendify-image-import\"><a href=\"\/fr\/www.fndhope.org\/\"><img loading=\"lazy\" decoding=\"async\" width=\"1024\" height=\"389\" src=\"http:\/\/charitywalks-4fndhope.com\/wp-content\/uploads\/2025\/05\/Screenshot-2025-05-23-at-11.45.40-1024x389.png\" alt=\"\" class=\"wp-image-50\" style=\"border-radius:20rem\" srcset=\"https:\/\/charitywalks-4fndhope.com\/wp-content\/uploads\/2025\/05\/Screenshot-2025-05-23-at-11.45.40-1024x389.png 1024w, https:\/\/charitywalks-4fndhope.com\/wp-content\/uploads\/2025\/05\/Screenshot-2025-05-23-at-11.45.40-300x114.png 300w, https:\/\/charitywalks-4fndhope.com\/wp-content\/uploads\/2025\/05\/Screenshot-2025-05-23-at-11.45.40-768x292.png 768w, https:\/\/charitywalks-4fndhope.com\/wp-content\/uploads\/2025\/05\/Screenshot-2025-05-23-at-11.45.40.png 1480w\" sizes=\"auto, (max-width: 1024px) 100vw, 1024px\" \/><\/a><\/figure>\n<\/div>\n<\/div>\n\n\n\n<div class=\"wp-block-column is-vertically-aligned-center is-layout-flow wp-block-column-is-layout-flow\" style=\"flex-basis:60%\">\n<h2 class=\"wp-block-heading has-large-font-size\">A propos de la cause<\/h2>\n\n\n\n<p style=\"margin-top:16px\">Des millions de personnes dans le monde vivent avec un trouble neurologique fonctionnel (TNF), une affection qui alt\u00e8re la vie et perturbe les mouvements, les sensations et les fonctions cognitives. Malgr\u00e9 sa pr\u00e9valence, le trouble neurologique fonctionnel reste l'une des affections neurologiques les plus mal comprises et les moins bien financ\u00e9es.<\/p>\n\n\n\n<p class=\"has-custom-color-4-color has-text-color has-link-color wp-elements-fb032f7b966ceebe802f6e306ba1520f\"><strong>Votre don peut changer cela<\/strong><\/p>\n\n\n\n<p>FND Hope s'engage \u00e0 faire progresser la recherche afin d'am\u00e9liorer les traitements et les diagnostics et, en fin de compte, de permettre aux personnes touch\u00e9es de se r\u00e9tablir. En soutenant cette campagne, vous alimentez des \u00e9tudes r\u00e9volutionnaires qui nous rapprochent des r\u00e9ponses - et de l'espoir.<\/p>\n\n\n\n<p>\ud83d\udc99&nbsp;<strong>Chaque don nous fait avancer. Chaque donateur fait la diff\u00e9rence.<\/strong>&nbsp;Rejoignez-nous pour financer l'avenir de la recherche sur la FND d\u00e8s aujourd'hui. \ud83d\udd39 Faites un don maintenant. \ud83d\udd39 Partagez cette campagne. \ud83d\udd39 Participez \u00e0 la perc\u00e9e.<\/p>\n\n\n\n<p>#FNDHope #FND #FNDAware #FNDResearch<\/p>\n<\/div>\n<\/div>\n\n\n\n<div id=\"bgimageWrap\" style=\"color:#ed7223;padding:1px;text-align:center;border-style:double;background-image:url(undefined)\" class=\"wp-block-call-to-action-block\"><div><div class=\"callToAction\"><strong>Lib\u00e9rer l'espoir : aider \u00e0 financer la recherche sur les troubles neurologiques fonctionnels (TNF)<\/strong><\/div><a class=\"callToActionButton\" href=\"https:\/\/ahvhyhel.donorsupport.co\/page\/FUNKVXZTXET?fundraiser=NZBYKTLL&amp;member=SDNHJMXD\" target=\"_blank\" rel=\"noopener\" style=\"background-color:#97f9f3\">Faire un don<\/a><\/div><\/div>\n<\/div>\n<\/div>","protected":false},"excerpt":{"rendered":"<p>Why I am supporting FND awareness My name is Rob. In November 2024, I was diagnosed with Functional Neurological Disorder [&hellip;]<\/p>\n","protected":false},"author":1,"featured_media":0,"parent":0,"menu_order":0,"comment_status":"closed","ping_status":"closed","template":"no-title","meta":{"om_disable_all_campaigns":false,"_uag_custom_page_level_css":"","_monsterinsights_skip_tracking":false,"_monsterinsights_sitenote_active":false,"_monsterinsights_sitenote_note":"","_monsterinsights_sitenote_category":0,"site-sidebar-layout":"default","site-content-layout":"","ast-site-content-layout":"default","site-content-style":"default","site-sidebar-style":"default","ast-global-header-display":"","ast-banner-title-visibility":"","ast-main-header-display":"","ast-hfb-above-header-display":"","ast-hfb-below-header-display":"","ast-hfb-mobile-header-display":"","site-post-title":"","ast-breadcrumbs-content":"","ast-featured-img":"","footer-sml-layout":"","ast-disable-related-posts":"","theme-transparent-header-meta":"","adv-header-id-meta":"","stick-header-meta":"","header-above-stick-meta":"","header-main-stick-meta":"","header-below-stick-meta":"","astra-migrate-meta-layouts":"default","ast-page-background-enabled":"default","ast-page-background-meta":{"desktop":{"background-color":"var(--ast-global-color-5)","background-image":"","background-repeat":"repeat","background-position":"center center","background-size":"auto","background-attachment":"scroll","background-type":"","background-media":"","overlay-type":"","overlay-color":"","overlay-opacity":"","overlay-gradient":""},"tablet":{"background-color":"","background-image":"","background-repeat":"repeat","background-position":"center center","background-size":"auto","background-attachment":"scroll","background-type":"","background-media":"","overlay-type":"","overlay-color":"","overlay-opacity":"","overlay-gradient":""},"mobile":{"background-color":"","background-image":"","background-repeat":"repeat","background-position":"center center","background-size":"auto","background-attachment":"scroll","background-type":"","background-media":"","overlay-type":"","overlay-color":"","overlay-opacity":"","overlay-gradient":""}},"ast-content-background-meta":{"desktop":{"background-color":"var(--ast-global-color-4)","background-image":"","background-repeat":"repeat","background-position":"center center","background-size":"auto","background-attachment":"scroll","background-type":"","background-media":"","overlay-type":"","overlay-color":"","overlay-opacity":"","overlay-gradient":""},"tablet":{"background-color":"var(--ast-global-color-4)","background-image":"","background-repeat":"repeat","background-position":"center center","background-size":"auto","background-attachment":"scroll","background-type":"","background-media":"","overlay-type":"","overlay-color":"","overlay-opacity":"","overlay-gradient":""},"mobile":{"background-color":"var(--ast-global-color-4)","background-image":"","background-repeat":"repeat","background-position":"center center","background-size":"auto","background-attachment":"scroll","background-type":"","background-media":"","overlay-type":"","overlay-color":"","overlay-opacity":"","overlay-gradient":""}},"_wp_convertkit_post_meta":{"form":"-1","landing_page":"0","tag":"0","restrict_content":"0"},"footnotes":""},"class_list":["post-36","page","type-page","status-publish","hentry"],"aioseo_notices":[],"uagb_featured_image_src":{"full":false,"thumbnail":false,"medium":false,"medium_large":false,"large":false,"1536x1536":false,"2048x2048":false,"trp-custom-language-flag":false},"uagb_author_info":{"display_name":"FND-Stronger-Together","author_link":"https:\/\/charitywalks-4fndhope.com\/fr\/author\/5vv98\/"},"uagb_comment_info":0,"uagb_excerpt":"Why I am supporting FND awareness My name is Rob. In November 2024, I was diagnosed with Functional Neurological Disorder [&hellip;]","_links":{"self":[{"href":"https:\/\/charitywalks-4fndhope.com\/fr\/wp-json\/wp\/v2\/pages\/36","targetHints":{"allow":["GET"]}}],"collection":[{"href":"https:\/\/charitywalks-4fndhope.com\/fr\/wp-json\/wp\/v2\/pages"}],"about":[{"href":"https:\/\/charitywalks-4fndhope.com\/fr\/wp-json\/wp\/v2\/types\/page"}],"author":[{"embeddable":true,"href":"https:\/\/charitywalks-4fndhope.com\/fr\/wp-json\/wp\/v2\/users\/1"}],"replies":[{"embeddable":true,"href":"https:\/\/charitywalks-4fndhope.com\/fr\/wp-json\/wp\/v2\/comments?post=36"}],"version-history":[{"count":9,"href":"https:\/\/charitywalks-4fndhope.com\/fr\/wp-json\/wp\/v2\/pages\/36\/revisions"}],"predecessor-version":[{"id":242,"href":"https:\/\/charitywalks-4fndhope.com\/fr\/wp-json\/wp\/v2\/pages\/36\/revisions\/242"}],"wp:attachment":[{"href":"https:\/\/charitywalks-4fndhope.com\/fr\/wp-json\/wp\/v2\/media?parent=36"}],"curies":[{"name":"wp","href":"https:\/\/api.w.org\/{rel}","templated":true}]}}

<div class="wp-block-group alignfull has-custom-color-1-background-color has-background is-layout-constrained wp-block-group-is-layout-constrained" style="margin-top:0;margin-bottom:0;padding-top:0;padding-bottom:0"></div>



<div class="inherit-container-width wp-block-group alignfull has-tertiary-background-color has-background is-layout-constrained wp-container-core-group-is-layout-7276a2bb wp-block-group-is-layout-constrained" id="about" style="margin-top:0;margin-bottom:0;padding-top:var(--wp--preset--spacing--60);padding-right:var(--wp--preset--spacing--30);padding-bottom:var(--wp--preset--spacing--60);padding-left:var(--wp--preset--spacing--30)">
<div class="wp-block-columns alignwide are-vertically-aligned-center is-layout-flex wp-container-core-columns-is-layout-47c06fe3 wp-block-columns-is-layout-flex">
<div class="wp-block-column is-vertically-aligned-center is-layout-flow wp-container-core-column-is-layout-f5bb311e wp-block-column-is-layout-flow" style="flex-basis:50%">
<div class="wp-block-group is-layout-constrained wp-block-group-is-layout-constrained">
<figure class="wp-block-image aligncenter size-large is-resized is-style-rounded"><img loading="lazy" decoding="async" width="768" height="1024" src="http://charitywalks-4fndhope.com/wp-content/uploads/2025/05/Rob110525-768x1024.jpeg" alt="" class="wp-image-116" style="aspect-ratio:1;object-fit:cover;width:196px;height:auto" srcset="https://charitywalks-4fndhope.com/wp-content/uploads/2025/05/Rob110525-768x1024.jpeg 768w, https://charitywalks-4fndhope.com/wp-content/uploads/2025/05/Rob110525-225x300.jpeg 225w, https://charitywalks-4fndhope.com/wp-content/uploads/2025/05/Rob110525-1152x1536.jpeg 1152w, https://charitywalks-4fndhope.com/wp-content/uploads/2025/05/Rob110525-1536x2048.jpeg 1536w, https://charitywalks-4fndhope.com/wp-content/uploads/2025/05/Rob110525-scaled.jpeg 1920w" sizes="auto, (max-width: 768px) 100vw, 768px" /></figure>



<figure class="wp-block-image aligncenter size-large is-resized is-style-rounded"><a href="/fr/www.fnd-stronger-together.blog/"><img loading="lazy" decoding="async" width="1005" height="1024" src="http://charitywalks-4fndhope.com/wp-content/uploads/2025/05/FND-LOGO3-1005x1024.jpg" alt="FND Stronger Together Logo" class="wp-image-51" style="width:206px;height:auto" srcset="https://charitywalks-4fndhope.com/wp-content/uploads/2025/05/FND-LOGO3-1005x1024.jpg 1005w, https://charitywalks-4fndhope.com/wp-content/uploads/2025/05/FND-LOGO3-294x300.jpg 294w, https://charitywalks-4fndhope.com/wp-content/uploads/2025/05/FND-LOGO3-768x783.jpg 768w, https://charitywalks-4fndhope.com/wp-content/uploads/2025/05/FND-LOGO3-12x12.jpg 12w, https://charitywalks-4fndhope.com/wp-content/uploads/2025/05/FND-LOGO3-140x143.jpg 140w, https://charitywalks-4fndhope.com/wp-content/uploads/2025/05/FND-LOGO3.jpg 1256w" sizes="auto, (max-width: 1005px) 100vw, 1005px" /></a></figure>
</div>
</div>



<div class="wp-block-column is-vertically-aligned-center is-layout-flow wp-block-column-is-layout-flow" style="flex-basis:60%">
<h2 class="wp-block-heading has-large-font-size">Pourquoi je soutiens la sensibilisation à la TNF </h2>



<div class="wp-block-group is-vertical is-layout-flex wp-container-core-group-is-layout-fe9cc265 wp-block-group-is-layout-flex">
<div class="wp-block-group is-nowrap is-layout-flex wp-container-core-group-is-layout-6c531013 wp-block-group-is-layout-flex">
<p>Je m'appelle Rob. En novembre 2024, on m'a diagnostiqué un trouble neurologique fonctionnel (TNF) après avoir remarqué des symptômes en mars 2024. Avant le diagnostic, les médecins ont dit à tort que je simulais mes symptômes et que c'était "dans ma tête". J'ai également dû faire face à l'incompréhension et aux moqueries d'autres patients qui ne comprenaient pas ce que je vivais.</p>
</div>



<p>Au plus bas, même avec des aides à la marche, je perdais la force de mes jambes et tombais quatre à cinq fois par jour, ne pouvant parcourir que de courtes distances. Souvent, je restais immobilisée sur le sol pendant 20 minutes à deux heures, incapable de bouger ou d'appeler à l'aide. Aujourd'hui, grâce au soutien de mon partenaire et d'une équipe médicale dévouée, je retrouve peu à peu la personne que j'étais avant la TNF</p>



<p>Je suis profondément engagée dans la sensibilisation aux troubles neurologiques fonctionnels, car je veux éviter que d'autres ne connaissent les mêmes difficultés que celles auxquelles j'ai été confrontée. Mon objectif est d'inspirer de l'espoir en montrant que la rémission des symptômes est possible. Ensemble, un pas après l'autre, nous pouvons créer un changement significatif.</p>
</div>
</div>
</div>



<div class="inherit-container-width wp-block-group alignfull has-tertiary-background-color has-background is-layout-constrained wp-container-core-group-is-layout-7276a2bb wp-block-group-is-layout-constrained" id="about" style="margin-top:0;margin-bottom:0;padding-top:var(--wp--preset--spacing--60);padding-right:var(--wp--preset--spacing--30);padding-bottom:var(--wp--preset--spacing--60);padding-left:var(--wp--preset--spacing--30)">
<div class="wp-block-columns alignwide are-vertically-aligned-center is-layout-flex wp-container-core-columns-is-layout-47c06fe3 wp-block-columns-is-layout-flex">
<div class="wp-block-column is-vertically-aligned-center is-layout-flow wp-container-core-column-is-layout-f5bb311e wp-block-column-is-layout-flow" style="flex-basis:50%">
<div class="wp-block-group is-layout-constrained wp-container-core-group-is-layout-279e0ccb wp-block-group-is-layout-constrained">
<figure class="wp-block-image size-large has-custom-border extendify-image-import"><a href="/fr/www.fndhope.org/"><img loading="lazy" decoding="async" width="1024" height="389" src="http://charitywalks-4fndhope.com/wp-content/uploads/2025/05/Screenshot-2025-05-23-at-11.45.40-1024x389.png" alt="" class="wp-image-50" style="border-radius:20rem" srcset="https://charitywalks-4fndhope.com/wp-content/uploads/2025/05/Screenshot-2025-05-23-at-11.45.40-1024x389.png 1024w, https://charitywalks-4fndhope.com/wp-content/uploads/2025/05/Screenshot-2025-05-23-at-11.45.40-300x114.png 300w, https://charitywalks-4fndhope.com/wp-content/uploads/2025/05/Screenshot-2025-05-23-at-11.45.40-768x292.png 768w, https://charitywalks-4fndhope.com/wp-content/uploads/2025/05/Screenshot-2025-05-23-at-11.45.40.png 1480w" sizes="auto, (max-width: 1024px) 100vw, 1024px" /></a></figure>
</div>
</div>



<div class="wp-block-column is-vertically-aligned-center is-layout-flow wp-block-column-is-layout-flow" style="flex-basis:60%">
<h2 class="wp-block-heading has-large-font-size">A propos de la cause</h2>



<p style="margin-top:16px">Des millions de personnes dans le monde vivent avec un trouble neurologique fonctionnel (TNF), une affection qui altère la vie et perturbe les mouvements, les sensations et les fonctions cognitives. Malgré sa prévalence, le trouble neurologique fonctionnel reste l'une des affections neurologiques les plus mal comprises et les moins bien financées.</p>



<p class="has-custom-color-4-color has-text-color has-link-color wp-elements-fb032f7b966ceebe802f6e306ba1520f"><strong>Votre don peut changer cela</strong></p>



<p>FND Hope s'engage à faire progresser la recherche afin d'améliorer les traitements et les diagnostics et, en fin de compte, de permettre aux personnes touchées de se rétablir. En soutenant cette campagne, vous alimentez des études révolutionnaires qui nous rapprochent des réponses - et de l'espoir.</p>



<p>💙&nbsp;<strong>Chaque don nous fait avancer. Chaque donateur fait la différence.</strong>&nbsp;Rejoignez-nous pour financer l'avenir de la recherche sur la FND dès aujourd'hui. 🔹 Faites un don maintenant. 🔹 Partagez cette campagne. 🔹 Participez à la percée.</p>



<p>#FNDHope #FND #FNDAware #FNDResearch</p>
</div>
</div>



<div id="bgimageWrap" style="color:#ed7223;padding:1px;text-align:center;border-style:double;background-image:url(undefined)" class="wp-block-call-to-action-block"><div><div class="callToAction"><strong>Libérer l'espoir : aider à financer la recherche sur les troubles neurologiques fonctionnels (TNF)</strong></div><a class="callToActionButton" href="https://ahvhyhel.donorsupport.co/page/FUNKVXZTXET?fundraiser=NZBYKTLL&amp;member=SDNHJMXD" target="_blank" rel="noopener" style="background-color:#97f9f3">Faire un don</a></div></div>
</div>
</div>
